{"id":168,"date":"2024-02-26T19:14:56","date_gmt":"2024-02-26T19:14:56","guid":{"rendered":"https:\/\/perstorpsframtid.se\/?page_id=168"},"modified":"2024-03-11T14:17:28","modified_gmt":"2024-03-11T14:17:28","slug":"valnamnden","status":"publish","type":"page","link":"https:\/\/perstorpsframtid.se\/index.php\/valnamnden\/","title":{"rendered":"Valn\u00e4mnden"},"content":{"rendered":"\t\t<div data-elementor-type=\"wp-page\" data-elementor-id=\"168\" class=\"elementor elementor-168\" data-elementor-post-type=\"page\">\n\t\t\t\t<div class=\"elementor-element elementor-element-830152d e-flex e-con-boxed e-con e-parent\" data-id=\"830152d\" data-element_type=\"container\" data-e-type=\"container\">\n\t\t\t\t\t<div class=\"e-con-inner\">\n\t\t\t\t<div class=\"elementor-element elementor-element-17e3e47 elementor-widget elementor-widget-spacer\" data-id=\"17e3e47\" data-element_type=\"widget\" data-e-type=\"widget\" data-widget_type=\"spacer.default\">\n\t\t\t\t<div class=\"elementor-widget-container\">\n\t\t\t\t\t\t\t<div class=\"elementor-spacer\">\n\t\t\t<div class=\"elementor-spacer-inner\"><\/div>\n\t\t<\/div>\n\t\t\t\t\t\t<\/div>\n\t\t\t\t<\/div>\n\t\t\t\t<div class=\"elementor-element elementor-element-044dc71 elementor-widget elementor-widget-heading\" data-id=\"044dc71\" data-element_type=\"widget\" data-e-type=\"widget\" data-widget_type=\"heading.default\">\n\t\t\t\t<div class=\"elementor-widget-container\">\n\t\t\t\t\t<h2 class=\"elementor-heading-title elementor-size-default\">Perstorps Framtid\u00b4s representant i valn\u00e4mnden<\/h2>\t\t\t\t<\/div>\n\t\t\t\t<\/div>\n\t\t\t\t<div class=\"elementor-element elementor-element-79224af elementor-widget elementor-widget-spacer\" data-id=\"79224af\" data-element_type=\"widget\" data-e-type=\"widget\" data-widget_type=\"spacer.default\">\n\t\t\t\t<div class=\"elementor-widget-container\">\n\t\t\t\t\t\t\t<div class=\"elementor-spacer\">\n\t\t\t<div class=\"elementor-spacer-inner\"><\/div>\n\t\t<\/div>\n\t\t\t\t\t\t<\/div>\n\t\t\t\t<\/div>\n\t\t\t\t\t<\/div>\n\t\t\t\t<\/div>\n\t\t<div class=\"elementor-element elementor-element-fdcdaf8 e-flex e-con-boxed e-con e-parent\" data-id=\"fdcdaf8\" data-element_type=\"container\" data-e-type=\"container\">\n\t\t\t\t\t<div class=\"e-con-inner\">\n\t\t<div class=\"elementor-element elementor-element-9bd7732 e-con-full e-flex e-con e-child\" data-id=\"9bd7732\" data-element_type=\"container\" data-e-type=\"container\">\n\t\t\t\t<\/div>\n\t\t<div class=\"elementor-element elementor-element-bde000a e-con-full e-flex e-con e-child\" data-id=\"bde000a\" data-element_type=\"container\" data-e-type=\"container\">\n\t\t\t\t<div class=\"elementor-element elementor-element-f21ef3c elementor-widget elementor-widget-image\" data-id=\"f21ef3c\" data-element_type=\"widget\" data-e-type=\"widget\" data-widget_type=\"image.default\">\n\t\t\t\t<div class=\"elementor-widget-container\">\n\t\t\t\t\t\t\t\t\t\t\t\t<figure class=\"wp-caption\">\n\t\t\t\t\t\t\t\t\t\t<img fetchpriority=\"high\" decoding=\"async\" width=\"768\" height=\"1152\" src=\"https:\/\/perstorpsframtid.se\/wp-content\/uploads\/2024\/03\/AL_IMG_0634-768x1152.jpg\" class=\"attachment-medium_large size-medium_large wp-image-404\" alt=\"\" srcset=\"https:\/\/perstorpsframtid.se\/wp-content\/uploads\/2024\/03\/AL_IMG_0634-768x1152.jpg 768w, https:\/\/perstorpsframtid.se\/wp-content\/uploads\/2024\/03\/AL_IMG_0634-200x300.jpg 200w, https:\/\/perstorpsframtid.se\/wp-content\/uploads\/2024\/03\/AL_IMG_0634-683x1024.jpg 683w, https:\/\/perstorpsframtid.se\/wp-content\/uploads\/2024\/03\/AL_IMG_0634-1024x1536.jpg 1024w, https:\/\/perstorpsframtid.se\/wp-content\/uploads\/2024\/03\/AL_IMG_0634-1365x2048.jpg 1365w, https:\/\/perstorpsframtid.se\/wp-content\/uploads\/2024\/03\/AL_IMG_0634-scaled-e1710166635318.jpg 650w\" sizes=\"(max-width: 768px) 100vw, 768px\" \/>\t\t\t\t\t\t\t\t\t\t\t<figcaption class=\"widget-image-caption wp-caption-text\">Yvonne L\u00e5ngstr\u00f6m, Ledamot<\/figcaption>\n\t\t\t\t\t\t\t\t\t\t<\/figure>\n\t\t\t\t\t\t\t\t\t<\/div>\n\t\t\t\t<\/div>\n\t\t\t\t<\/div>\n\t\t<div class=\"elementor-element elementor-element-3f11478 e-con-full e-flex e-con e-child\" data-id=\"3f11478\" data-element_type=\"container\" data-e-type=\"container\">\n\t\t\t\t<\/div>\n\t\t\t\t\t<\/div>\n\t\t\t\t<\/div>\n\t\t<div class=\"elementor-element elementor-element-765a7d7 e-flex e-con-boxed e-con e-parent\" data-id=\"765a7d7\" data-element_type=\"container\" data-e-type=\"container\">\n\t\t\t\t\t<div class=\"e-con-inner\">\n\t\t\t\t<div class=\"elementor-element elementor-element-01a3bc7 elementor-widget elementor-widget-spacer\" data-id=\"01a3bc7\" data-element_type=\"widget\" data-e-type=\"widget\" data-widget_type=\"spacer.default\">\n\t\t\t\t<div class=\"elementor-widget-container\">\n\t\t\t\t\t\t\t<div class=\"elementor-spacer\">\n\t\t\t<div class=\"elementor-spacer-inner\"><\/div>\n\t\t<\/div>\n\t\t\t\t\t\t<\/div>\n\t\t\t\t<\/div>\n\t\t\t\t<div class=\"elementor-element elementor-element-0579849 elementor-widget elementor-widget-text-editor\" data-id=\"0579849\" data-element_type=\"widget\" data-e-type=\"widget\" data-widget_type=\"text-editor.default\">\n\t\t\t\t<div class=\"elementor-widget-container\">\n\t\t\t\t\t\t\t\t\t<h4><a href=\"https:\/\/www.perstorp.se\/sidor\/huvudmeny\/kommunpolitik\/namnderstyrelser\/valnamnden.4.53d02ea015ea20c25bfdc4.html\" target=\"_blank\" rel=\"noopener\">Valn\u00e4mndens protokoll<\/a><\/h4>\t\t\t\t\t\t\t\t<\/div>\n\t\t\t\t<\/div>\n\t\t\t\t\t<\/div>\n\t\t\t\t<\/div>\n\t\t\t\t<\/div>\n\t\t","protected":false},"excerpt":{"rendered":"<p>Perstorps Framtid\u00b4s representant i valn\u00e4mnden Yvonne L\u00e5ngstr\u00f6m, Ledamot Valn\u00e4mndens protokoll<\/p>\n","protected":false},"author":2,"featured_media":0,"parent":0,"menu_order":0,"comment_status":"closed","ping_status":"closed","template":"","meta":{"footnotes":""},"class_list":["post-168","page","type-page","status-publish","hentry"],"_links":{"self":[{"href":"https:\/\/perstorpsframtid.se\/index.php\/wp-json\/wp\/v2\/pages\/168","targetHints":{"allow":["GET"]}}],"collection":[{"href":"https:\/\/perstorpsframtid.se\/index.php\/wp-json\/wp\/v2\/pages"}],"about":[{"href":"https:\/\/perstorpsframtid.se\/index.php\/wp-json\/wp\/v2\/types\/page"}],"author":[{"embeddable":true,"href":"https:\/\/perstorpsframtid.se\/index.php\/wp-json\/wp\/v2\/users\/2"}],"replies":[{"embeddable":true,"href":"https:\/\/perstorpsframtid.se\/index.php\/wp-json\/wp\/v2\/comments?post=168"}],"version-history":[{"count":19,"href":"https:\/\/perstorpsframtid.se\/index.php\/wp-json\/wp\/v2\/pages\/168\/revisions"}],"predecessor-version":[{"id":407,"href":"https:\/\/perstorpsframtid.se\/index.php\/wp-json\/wp\/v2\/pages\/168\/revisions\/407"}],"wp:attachment":[{"href":"https:\/\/perstorpsframtid.se\/index.php\/wp-json\/wp\/v2\/media?parent=168"}],"curies":[{"name":"wp","href":"https:\/\/api.w.org\/{rel}","templated":true}]}}