{"id":389,"date":"2024-03-05T12:04:11","date_gmt":"2024-03-05T12:04:11","guid":{"rendered":"https:\/\/perstorpsframtid.se\/?page_id=389"},"modified":"2024-03-05T12:06:41","modified_gmt":"2024-03-05T12:06:41","slug":"vardegrund","status":"publish","type":"page","link":"https:\/\/perstorpsframtid.se\/index.php\/vardegrund\/","title":{"rendered":"V\u00e4rdegrund"},"content":{"rendered":"\t\t<div data-elementor-type=\"wp-page\" data-elementor-id=\"389\" class=\"elementor elementor-389\" data-elementor-post-type=\"page\">\n\t\t\t\t<div class=\"elementor-element elementor-element-7f35308 e-flex e-con-boxed e-con e-parent\" data-id=\"7f35308\" data-element_type=\"container\" data-e-type=\"container\">\n\t\t\t\t\t<div class=\"e-con-inner\">\n\t\t\t\t<div class=\"elementor-element elementor-element-a4d3f3e elementor-widget elementor-widget-spacer\" data-id=\"a4d3f3e\" data-element_type=\"widget\" data-e-type=\"widget\" data-widget_type=\"spacer.default\">\n\t\t\t\t<div class=\"elementor-widget-container\">\n\t\t\t\t\t\t\t<div class=\"elementor-spacer\">\n\t\t\t<div class=\"elementor-spacer-inner\"><\/div>\n\t\t<\/div>\n\t\t\t\t\t\t<\/div>\n\t\t\t\t<\/div>\n\t\t\t\t<div class=\"elementor-element elementor-element-83973a4 elementor-widget elementor-widget-heading\" data-id=\"83973a4\" data-element_type=\"widget\" data-e-type=\"widget\" data-widget_type=\"heading.default\">\n\t\t\t\t<div class=\"elementor-widget-container\">\n\t\t\t\t\t<h2 class=\"elementor-heading-title elementor-size-default\">V\u00e4rdegrund<\/h2>\t\t\t\t<\/div>\n\t\t\t\t<\/div>\n\t\t\t\t<div class=\"elementor-element elementor-element-7975ba5 elementor-widget elementor-widget-text-editor\" data-id=\"7975ba5\" data-element_type=\"widget\" data-e-type=\"widget\" data-widget_type=\"text-editor.default\">\n\t\t\t\t<div class=\"elementor-widget-container\">\n\t\t\t\t\t\t\t\t\t<h6>Perstorps Framtid \u00c4r Ett Demokratiskt Politiskt Parti Vars Grundsyn \u00c4r Att Sunt F\u00f6rnuft Och Ansvar Skall Pr\u00e4gla De Politiska Besluten I Perstorps Kommun.<\/h6><h6>\u00a0<\/h6><ul><li><h6>Att Samla Personer Med Intresse F\u00f6r Kommunens Utveckling<\/h6><\/li><li><h6>Att Genom Upplysning Och Debatt V\u00e4cka Intresse F\u00f6r Samh\u00e4llsfr\u00e5gor<\/h6><\/li><li><h6>Att Fr\u00e4mja En Demokratisk Utveckling<\/h6><\/li><li><h6>Att Verka F\u00f6r Val Av Personer Till Politiska F\u00f6rtroendeuppdrag Med Intresse F\u00f6r Hur Perstorps Kommun Skall Utvecklas<\/h6><\/li><li><h6>Att Genom Engagemang Och Arbete I Olika Fr\u00e5gor Bidra Till En Positiv Utveckling F\u00f6r Inv\u00e5nare Och F\u00f6retag I Perstorps Kommun\u00a0<\/h6><\/li><li><h6><strong>Vi Tror P\u00e5 Perstorp &#8211; G\u00f6r Du<\/strong><\/h6><\/li><\/ul><p style=\"text-align: center;\"><strong>Antagen 28 april 2019<\/strong><\/p>\t\t\t\t\t\t\t\t<\/div>\n\t\t\t\t<\/div>\n\t\t\t\t\t<\/div>\n\t\t\t\t<\/div>\n\t\t\t\t<\/div>\n\t\t","protected":false},"excerpt":{"rendered":"<p>V\u00e4rdegrund Perstorps Framtid \u00c4r Ett Demokratiskt Politiskt Parti Vars Grundsyn \u00c4r Att Sunt F\u00f6rnuft Och Ansvar Skall Pr\u00e4gla De Politiska Besluten I Perstorps Kommun. \u00a0 Att Samla Personer Med Intresse F\u00f6r Kommunens Utveckling Att Genom Upplysning Och Debatt V\u00e4cka Intresse F\u00f6r Samh\u00e4llsfr\u00e5gor Att Fr\u00e4mja En Demokratisk Utveckling Att Verka F\u00f6r Val Av Personer Till Politiska [&hellip;]<\/p>\n","protected":false},"author":2,"featured_media":0,"parent":0,"menu_order":0,"comment_status":"closed","ping_status":"closed","template":"","meta":{"footnotes":""},"class_list":["post-389","page","type-page","status-publish","hentry"],"_links":{"self":[{"href":"https:\/\/perstorpsframtid.se\/index.php\/wp-json\/wp\/v2\/pages\/389","targetHints":{"allow":["GET"]}}],"collection":[{"href":"https:\/\/perstorpsframtid.se\/index.php\/wp-json\/wp\/v2\/pages"}],"about":[{"href":"https:\/\/perstorpsframtid.se\/index.php\/wp-json\/wp\/v2\/types\/page"}],"author":[{"embeddable":true,"href":"https:\/\/perstorpsframtid.se\/index.php\/wp-json\/wp\/v2\/users\/2"}],"replies":[{"embeddable":true,"href":"https:\/\/perstorpsframtid.se\/index.php\/wp-json\/wp\/v2\/comments?post=389"}],"version-history":[{"count":7,"href":"https:\/\/perstorpsframtid.se\/index.php\/wp-json\/wp\/v2\/pages\/389\/revisions"}],"predecessor-version":[{"id":396,"href":"https:\/\/perstorpsframtid.se\/index.php\/wp-json\/wp\/v2\/pages\/389\/revisions\/396"}],"wp:attachment":[{"href":"https:\/\/perstorpsframtid.se\/index.php\/wp-json\/wp\/v2\/media?parent=389"}],"curies":[{"name":"wp","href":"https:\/\/api.w.org\/{rel}","templated":true}]}}